-1 + (297 - 296) - 10
0
Evaluate 2 - 9 - -1 - (85 + -158 + 74).
-7
Calculate -11 + 0 + 15 - (-3 + 8).
-1
(-6 - (-2 + 1)) + -1 + (3 - 7)
-10
(5 + -2 + 0 - -2) + -1 + -13
-9
Evaluate 29 - (8 - (-22 - -14)).
13
-8 + -3 + (-3 - -6)
-8
Evaluate -9 + 11 + (4 - 6) + -4 + 2.
-2
Evaluate (-38 - -15 - -30) + (36 - 5).
38
Evaluate (15 - -1) + (-87 - -81).
10
What is the value of -25 - (12 + (9 - 37))?
-9
What is (8 - 9) + (35 - 31)?
3
What is -20 + (31 - 4) + 0?
7
What is the value of 7 + (0 + 1 - 6) - (-7 - 2)?
11
What is 3 + 9 + -3 + -14 + 5?
0
What is -20 + -3 + (-155 - -161)?
-17
What is the value of 13 + -29 + 22 - 20?
-14
-13 - (-20 + -17 + (2 - -17))
5
Evaluate -61 - -38 - (-18 - 2).
-3
Evaluate 1 + -20 + (-4 - -38).
15
42 + -5 + (12 - 0 - 31)
18
Evaluate (-11 - (-29 - 7)) + -23.
2
Evaluate -7 + 0 + (-4 - -2 - 1).
-10
What is 10 + (-9 - (-15 + (1 - -1) + 8))?
6
Evaluate 4 - ((-27 - -35 - 13) + (0 - -11)).
-2
What is 9 + 9 + -13 - (20 + -14)?
-1
-8 - (-9 - -25 - 31)
7
Calculate -2 + -6 + -6 + 3.
-11
(-10 - 1) + 899 + -904
-16
9 + -2 + (67 - 81)
-7
Evaluate 0 + 5 + -7 - (-3 - (2 - 0)).
3
Evaluate 0 + 0 + 1 + -9 + -4 + 8.
-4
13 + (-16 - (17 + -18))
-2
-1 + 16 - (-40 - -31)
24
What is 23 - (5 - -4 - 3)?
17
Evaluate 2 + -16 + (-23 - (-27 - 10)).
0
What is -1 + (-3 - -14) - 12?
-2
What is the value of 4 + 23 + -11 + -4 + 12?
24
Evaluate (-4 - -10) + -2 + -14 + 4.
-6
What is -3 + (-3 - -1) - (11 + (-10 - 7))?
1
Calculate 57 + (-77 - 12) + 19 + -1.
-14
What is -2 - (-19 + 21) - (1 + 1 + 4)?
-10
What is 9 - (-18 + (-18 - -16))?
29
What is the value of (88 - 102) + (-2 + 7 - -5)?
-4
Evaluate 16 + 36 + -27 + -11 + 1.
15
Calculate 15 + (-14 - 3) + (7 + -3 - -16).
18
What is 4 + 23 + -5 + -24?
-2
Evaluate (-157 + 162 - (1 - 0)) + -7.
-3
0 + 2 + -1 + (97 - 96)
2
Evaluate -11 - -3 - (-5 + -4 + 13 + 2).
-14
What is 0 + (-4 - 5 - (-16 + -3) - 35)?
-25
What is the value of (-1 - -1) + (-128 - -104) + 4?
-20
Evaluate (122 - 113) + (1 - 6).
4
Evaluate -16 - (8 + -15 + 12) - -8.
-13
What is the value of (120 - 102) + -19 + 8?
7
-8 + (5 - (12 + -2) - (13 - 11))
-15
What is -5 + -4 + (2 - (4 + (-2 - 4)))?
-5
Evaluate 16 + -12 + 0 + 17.
21
What is the value of (-305 - -324) + (-14 - 1)?
4
Calculate 1 + -1 + -11 + -37 + 42.
-6
(3 - 27) + 13 - ((-3 - 0) + 0)
-8
What is 19 + (-14 - -9) - 14?
0
What is the value of -3 - (-4 + (10 - 1))?
-8
What is (-4 - (13 + 1)) + 12 + -7 + 1?
-12
Evaluate -9 - (28 - 27 - (0 - 5)).
-15
What is the value of 189 - 201 - (-14 - 0)?
2
Evaluate -4 - ((1 - 5 - -2 - 9) + -1).
8
18 - (-10 + 47 - 11)
-8
Evaluate (-48 - -56) + -1 + -22.
-15
Evaluate 5 - -1 - (15 - (-5 - (-13 + 7))).
-8
(2 - 7 - -13) + (-5 - -1) + 1
5
What is 4 + 33 - (52 + -26)?
11
Evaluate -33 - -13 - (1 - 24).
3
What is (6 - (-2 - (6 + -12))) + -15?
-13
What is 7 - (7 + 21 + -13 + -9)?
1
-30 - -48 - (-4 + 24)
-2
(19 - 63) + 22 + 1
-21
What is the value of 17 + -9 + (-15 - (-1 - 18))?
12
What is the value of -39 + (-2 - (-4 + -7 - 8 - -8))?
-30
-19 - ((12 - 16) + -20 + 15)
-10
-1 - -7 - (-810 + 825)
-9
What is the value of (20 + 21 - 11) + (-8 - 0)?
22
Evaluate (13 - 12) + -3 + 7 + -25.
-20
What is 1 + -6 - (-475 - -452)?
18
Evaluate -1 + (20 + -2 - (80 + -97)).
34
Calculate (-2 + 5 - 2) + (21 - 32 - -7).
-3
-27 + 30 - (-7 + 3 - (-5 + 2))
4
What is the value of 7 + (-35 - 1 - (397 - 408))?
-18
What is the value of -8 + 10 - 2 - (25 + -15)?
-10
(4 + -1 + 5 - 11) + 6 + -2
1
What is (-10 - -2 - -39) + -6?
25
(-1 - -3) + 0 - 3 - (-25 + 13)
11
What is 14 - (15 + -10) - 19?
-10
Calculate -53 + 13 + 20 + 4.
-16
Evaluate -2 - (-7 - (-11 - (2 - 8))).
0
What is (-8 - -2) + 2 + (6 - 4) + 0?
-2
What is the value of -28 + 2 + 1 + 28?
3
Evaluate 18 + (3 - 9) + -2.
10
What is the value of 3 + (2 - (-15 - (9 - 17)))?
12
What is the value of 14 + (1 + -15 - (-19 - -22))?
-3
What is -25 + 3 + 13 + (4 - 9)?
-14
What is the value of 22 + (-50 - -19) - (-2 - 5)?
-2
What is the value of 26 + (177 + -177 - (12 + (1 - 3)))?
16
Evaluate -5 - (-24 + 12) - 12.
-5
Evaluate -6 - (0 + -4 - (1 - 1) - -5).
-7
What is the value of 19 - (3 + (-2 - -8))?
10
What is the value of -60 + (43 + -20 - -6)?
-31
Calculate 1 + (-11 - -1) + (7 + 7 - -8).
13
What is the value of 17 + (-4 - -7 - 32)?
-12
Evaluate -11 + 0 + 0 + 2 + 199 + -202.
-12
Evaluate (-2 - 43) + (1349 - 1292).
12
4 + -2 + 1 - (38 - -51 - 110)
24
Calculate 122 + -118 - ((-5 - -1) + -2).
10
2 + (0 - (-2 - -2)) + (-125 - -121)
-2
Evaluate 16 + (-3 - (8 + -3)) - (2 - 1).
7
Calculate (-4 + 1 + 32 - 6) + -36 + 47.
34
What is the value of 5 - (7 - 10 - -4) - 5?
-1
(3 - (-3 + 3 + -2)) + -30 + 34
9
What is the value of (-8 - (0 - -2)) + (2 - 0)?
-8
What is (7 - 1) + -15 + 21 + -12?
0
What is the value of -22 + 10 + 6 - -15?
9
(5 - 2 - 1) + 3 - (85 + -88)
8
What is the value of (9 + 7 - (7 + -10)) + -8?
11
(52 - 42 - 33) + 4 + 0
-19
(-13 - 1) + 28 + -9
5
Evaluate (1 - 13) + 16 + 0.
4
Calculate 18 + (-13 - -1 - (-13 - 4)).
23
-4 + -4 + 11 + 6 + -16
-7
What is 8 + (-12 - (13 - 22) - (0 - -11))?
-6
What is 6 + -7 + 39 + 4 + -14?
28
Calculate -2 + 22 - (1 - -32).
-13
Evaluate (-4 - -11) + -4 + 13 - 6.
10
What is 63 + -57 - (2 + (2 + 4 - 2))?
0
What is -7 + -7 + (36 - 4) - 43?
-25
Calculate 0 + 5 + -13 - (-3 - (-3 - 3)).
-11
Evaluate 0 - -3 - (-59 + (52 - -37)).
-27
What is the value of -8 + -1 - (-74 + 59)?
6
What is the value of 13 - (54 + -5 + -8)?
-28
What is the value of 89 - 76 - (1 - -3)?
9
Calculate 0 + (-12 - (-17 + -6)).
11
Calculate (3 - -1) + 18 + -10 + -2 - 25.
-15
Evaluate (-15 - 0) + (83 - (116 + -61)).
13
-24 - (-30 + 19) - -27
14
What is the value of (12 - 3) + -8 + -8?
-7
What is the value of 45 + -6 + (-151 - -116)?
4
What is (-2 - (5 + 4)) + 6?
-5
-7 + (26 - 6 - 7) + 6
12
Calculate (4 - (17 - 4)) + -3.
-12
Evaluate (2 - -23) + -36 - (1 + 9).
-21
What is the value of (-3 - -1) + (82 - 81) + -1 + 1?
-1
Calculate -2 + -8 + (10 - 10) + 7.
-3
Evaluate -1 + 5 + -1 - (766 - 765).
2
What is the value of -2 - 18 - (-12 + 29 + -33)?
-4
Evaluate (38 - 20) + 3 + (4 - 0) + -4.
21
What is the value of -23 - ((39 - 15 - 28) + (2 - -1))?
-22
What is the value of 5 + -10 - ((1 - -17) + -31 + 24)?
-16
Evaluate -22 + 44 + (-21 - -15).
16
(-4 - 11 - -15) + 11
11
Evaluate 0 + -5 + (-3 + -7 - -3 - -7).
-5
Evaluate -9 + 3 + -3 + -5 + 5.
-9
Calculate (5 - (9 + -15)) + 20 + -2 + -5.
24
What is the value of -42 - (-17 + (4 - 9))?
-20
What is -3 + -2 + -1 + -41 + 78 + -2?
29
What is (-3 - -1 - -4) + -25 + 18?
-5
What is (-324 - -328) + -2 + 0 + 0?
2
What is (-5 - -61 - 15) + -62?
-21
-15 + (5 - -14) - 13
-9
Evaluate 4 - ((-10 - -17) + -12).
9
Calculate 7 + -6 + (-49 - -68).
20
What is the value of 28 - -1 - (39 + (-31 - 1))?
22
Calculate 4 + -10 - (60 - 59).
-7
Calculate (-8 - -10) + 0 + -5 + 7 + 16.
20
Evaluate (-36 - -29) + -9 + (5 - 1).
-12
Calculate -1 - (-6 + -2) - (19 + -51 + 50).
-11
Calculate 3 - (11 - 5 - 4).
1
Evaluate (8 - 3 - 2 - (-8 - -13)) + 16.
14
(-9 - (2 + -7) - 2) + -8
-14
Calculate (-2 - 0) + (15 + 14 - 21) + -10.
-4
Evaluate 3 - 3 - ((-5 + 8 - 14) + -1).
12
What is the value of -10 - (19 - (-9 + 38))?
0
-15 + 27 - 3 - (0 - -4)
5
What is the value of -11 + (44 - 24) + 1 + -2?
8
Evaluate 9 + -2 + (0 - 6 - (84 - 86)).
3
What is the value of 9 - ((3 - 1) + -5)?
12
0 + 5 - (-3029 + 2994)
40
-9 - (-6 + 21 + -22)
-2
(8 + -14 - (-2 - (-5 - -3))) + 12
6
Calculate (-2 + 5 - (-1 + 2)) + (-4 - -14).
12
What is 20 + (-30 - (7 + -12)) - 33?
-38
Evaluate (52 - 20) + -39 + (7 - (-1 + 1)).
0
What is the value of (-10 - (17 + -17)) + 8 + -7 + -1?
-10
Calculate 10 + 1 + -11 + (-6 - -3).
-3
What is the value of 86 - 71 - (38 + -6)?
-17
Calculate (-9 - -1) + -1474 + 1500.
18
3 + 1 + -3 + (-8 - -1 - -9)
3
Calculate 2 + 8 - (-1 + -1 + 9).
3
What is the value of -9 + (3 - 0) - (82 + -93)?
5
What is the value of 16 + -2 + (-3 - 6) - 7?
-2
Evaluate (-19 - -3) + 29 + -44 + 3 + 9.
-19
58 - 69 - (-3 - (3 - 0))
-5
Calculate -45 + (0 - (-22 - -4) - (20 + -10)).
-37
Calculate 21 + (10 + 5 + -16 - 3).
17
What is the value of (-7 - 2) + 8 - (6 + 14) - -9?
-12
What is -48 + -4 + 20 - -47?
15
Evaluate 23 + 4 + -3 + -13 + 3 + 2.
16
What is -8 - ((1 - -16) + -44)?
19
Evaluate (-85 - -87) + (-4 - -1) + 19.
18
Evaluate -1 + -1 + -12 + -8 + 4 + 13.
-5
Calculate (-4 - -4) + 2 + -14 + 23.
11
15 +